{"id":8,"date":"2016-02-25T01:13:55","date_gmt":"2016-02-25T01:13:55","guid":{"rendered":"http:\/\/150.164.98.3\/mercosur2016\/?page_id=8"},"modified":"2019-08-01T05:16:44","modified_gmt":"2019-08-01T08:16:44","slug":"submissoes","status":"publish","type":"page","link":"https:\/\/edicic2016.eci.ufmg.br\/es\/submissoes\/","title":{"rendered":"SUMISIONES"},"content":{"rendered":"<h2><strong>Normas de sumisi\u00f3n EDICIC 2016<\/strong><\/h2>\n<p>Encuentro de la Asociaci\u00f3n de Educadores e Investigadores de Biblioteconom\u00eda, Archivolog\u00eda, Ciencias de la Informaci\u00f3n y Documentaci\u00f3n de la Iberoam\u00e9rica y Caribe &#8211; EDICIC<br \/>\n21 a 23 de septiembre de 2016<br \/>\nTema: \u201cPatrimonio, mediaciones sociales y tecnolog\u00edas: di\u00e1logos interdisciplinares\u201d<br \/>\nPromoci\u00f3n: Asociaci\u00f3n de Educadores e Investigadores de Bibliotecolog\u00eda, Archivolog\u00eda, Ciencias de la Informaci\u00f3n Documentaci\u00f3n de Iberoam\u00e9rica y el Caribe<br \/>\nRealizaci\u00f3n: Escuela de Ciencia de la Informaci\u00f3n de la Universidad Federal de Minas Gerais &#8211; ECI\/UFMG<\/p>\n<p>Lea las instrucciones abajo y haga clic\u00a0<u>Aqu\u00ed<\/u>\u00a0para someter el trabajo.<\/p>\n<h2><span style=\"color: #ff0000;\">La fecha l\u00edmite de presentaci\u00f3n de trabajos cerrada.<\/span><\/h2>\n<h2><strong>Sub-temas:<\/strong><\/h2>\n<ul>\n<li>Comunicaci\u00f3n Cient\u00edfica y Estudios Bibliom\u00e9tricos<\/li>\n<li>Docencia y los Nuevos Perfiles del Profesional de la Informaci\u00f3n<\/li>\n<li>Epistemolog\u00eda de la Ciencia de la Informaci\u00f3n y de la Documentaci\u00f3n<\/li>\n<li>Gesti\u00f3n y Evaluaci\u00f3n de Documentos Archiv\u00edsticos<\/li>\n<li>Industria Creativa y Cultural<\/li>\n<li>Mediaci\u00f3n Social y Cultura de la Informaci\u00f3n<\/li>\n<li>Memoria, Patrimonio y Din\u00e1micas Informacionales<\/li>\n<li>Museolog\u00eda, Informaci\u00f3n y Documentaci\u00f3n Museol\u00f3gica<\/li>\n<li>Organizaci\u00f3n de la Informaci\u00f3n y del Conocimiento<\/li>\n<li>Tecnolog\u00edas de la informaci\u00f3n y\u00a0Gesti\u00f3n del Conocimiento<\/li>\n<\/ul>\n<p><strong>Haga clic\u00a0<\/strong><strong><u>AQU\u00cd<\/u><\/strong><strong>\u00a0para detallar sub-temas.<\/strong><\/p>\n<h2><strong>Fechas Importantes:<\/strong><\/h2>\n<ul>\n<li>Recepci\u00f3n de los trabajos completos: 23\/05\/2016<\/li>\n<li>Comunicaci\u00f3n a los autores de las evaluaciones: 03\/06\/2016<\/li>\n<li>Env\u00edo del trabajo final con los ajustes solicitados: 20\/06\/2016<\/li>\n<li><\/li>\n<\/ul>\n<h2><strong>Orientaciones sobre las normas de sumisi\u00f3n de trabajos:<\/strong><\/h2>\n<ul>\n<li>Los idiomas oficiales del evento son el Portugu\u00e9s y el Espa\u00f1ol, siendo admitidas excepciones, a criterio de la Comisi\u00f3n Organizadora;<\/li>\n<li>Los trabajos completos aceptados por el Comit\u00e9 Evaluador ser\u00e1n presentados sobre la forma de Comunicaci\u00f3n Oral y deber\u00e1n estar, irrestrictamente, vinculados a uno de los 10 (diez) sub-temas arriba mencionados.<\/li>\n<li>A vinculaci\u00f3n a un sub-tema debe ser indicada en el encabezamiento de la hoja de rostro del texto sometido, como tambi\u00e9n en los metadatos, siendo de responsabilidad del autor y\/o coautores del trabajo sometido.<\/li>\n<li>El no cumplimiento de los requisitos arriba indicados implica en la desconsideraci\u00f3n del trabajo;<\/li>\n<li>La aceptaci\u00f3n y la presentaci\u00f3n del trabajo dar\u00e1 derecho a la publicaci\u00f3n del mismo en los Anuales del EDICIC 2016;<\/li>\n<li>Los trabajos deben ser sometidos en forma de texto completo, de acuerdo con las normas y patrones estipulados por la Comisi\u00f3n Cient\u00edfica del EDICIC 2016;<\/li>\n<li>A cada participante le es permitida la sumisi\u00f3n de, como m\u00e1ximo, tres trabajos al evento. Est\u00e1n ah\u00ed consideradas las modalidades de autor individual y\/o coautor\u00eda. En el caso de sumisi\u00f3n de m\u00e1s de tres trabajos ser\u00e1n excluidos los \u00faltimos de acuerdo con la fecha y hora de sumisi\u00f3n;<\/li>\n<li>A sumisi\u00f3n de trabajos ser\u00e1 hecha online, por medio del sitio web del evento;<\/li>\n<li>Ninguna alteraci\u00f3n podr\u00e1 ser hecha despu\u00e9s \u00a0de la sumisi\u00f3n del trabajo, salvo recomendaciones de los evaluadores;<\/li>\n<li>La presentaci\u00f3n del trabajo implica en la realizaci\u00f3n de inscripci\u00f3n en el evento por parte de todos los autores;<\/li>\n<li>La no presentaci\u00f3n del trabajo implica en el cancelamiento de la emisi\u00f3n de todos los certificados a \u00e9l vinculados;<\/li>\n<li>El certificado de trabajo aceptado, publicado y presentado ser\u00e1 emitido para cada uno de los autores;<\/li>\n<li>Los casos ignorados o no previstos en estas Reglas ser\u00e1n solucionados mediante apreciaci\u00f3n por parte de la Comisi\u00f3n Cient\u00edfica del EDICIC.<\/li>\n<\/ul>\n<p><strong>\u00a0<\/strong><\/p>\n<h2><strong>Normas para presentaci\u00f3n de los trabajos:<\/strong><\/h2>\n<ul>\n<li>Ser\u00e1n aceptados trabajos oriundos de investigaciones te\u00f3ricas y\/o emp\u00edricas finalizadas o en etapa de finalizaci\u00f3n.<\/li>\n<li>Solamente un autor podr\u00e1 efectuar la comunicaci\u00f3n oral, admitidas excepciones a criterio del responsable por la mediaci\u00f3n en el d\u00eda de la presentaci\u00f3n. El tiempo de exposici\u00f3n tambi\u00e9n quedar\u00e1 a cargo de los mediadores en cada d\u00eda de presentaci\u00f3n.<\/li>\n<li>El sistema de sumisiones aplica la evaluaci\u00f3n ciega por los pares. Por esta raz\u00f3n, el (los) nombre(s) del (de los) autor(es), la afiliaci\u00f3n institucional, titulaci\u00f3n y e-mails de cada autor no deben constar en el texto del trabajo, deben constar solamente en el campo de metadatos destinado para este fin, en el sistema.<\/li>\n<li>El texto debe ser enviado en archivo en los formatos doc o docx, siguiendo los siguientes patrones de redacci\u00f3n:<\/li>\n<\/ul>\n<p>&nbsp;<\/p>\n<h2><strong>Resumen y Abstract:<\/strong><\/h2>\n<ul>\n<ul>\n<li>Deben ser digitados en fuente Times New Roman, tama\u00f1o 11, con espacio entre l\u00edneas del tipo simple.<\/li>\n<li>T\u00edtulo (Times New Roman, tama\u00f1o 14, en negrito, may\u00fascula);<\/li>\n<li>Autores: nombre completo, titulaci\u00f3n, vinculaci\u00f3n profesional y acad\u00e9mica, e-mail (Fuente Times New Roman, tama\u00f1o 12);<\/li>\n<li>Indicaci\u00f3n del sub-grupo Tem\u00e1tico en el cual la investigaci\u00f3n se encuadra (Times New Roman, tama\u00f1o 12);<\/li>\n<li>Texto: m\u00e1ximo: 500 palabras (Times New Roman, tama\u00f1o 12), no colocar notas y referencias.<\/li>\n<li>Debe presentar: introducci\u00f3n, objeto de estudio, referencia te\u00f3rica y metodol\u00f3gica y los resultados (si hay).<\/li>\n<li>Texto en portugu\u00e9s, el resumen ser\u00e1 en portugu\u00e9s e ingl\u00e9s;<\/li>\n<li>Texto en espa\u00f1ol, el resumen ser\u00e1 en espa\u00f1ol e ingl\u00e9s.<\/li>\n<li>Palabras-clave: m\u00e1ximo 5 (Times New Roman, tama\u00f1o 11), en el idioma de env\u00edo y tambi\u00e9n en ingl\u00e9s.<\/li>\n<\/ul>\n<\/ul>\n<h2><\/h2>\n<h2><strong>Trabajo completo:<\/strong><\/h2>\n<ul>\n<ul>\n<li>Dimensi\u00f3n m\u00e1xima del texto: 20 p\u00e1ginas (incluyendo la primera p\u00e1gina y las referencias);<\/li>\n<li>Formataci\u00f3n: A4 (3cm margen superior e izquierda; 2cm margen inferior y derecha, sin espacios entre p\u00e1rrafos; con sangr\u00eda de 1,25cm al inicio de cada p\u00e1rrafo.<\/li>\n<li>La fuente debe ser Times New Roman, tama\u00f1o 12).<\/li>\n<li>Entre l\u00ednea 1,5cm;<\/li>\n<li>Formato: Doc o Docx;<\/li>\n<li>Si el trabajo contiene im\u00e1genes, \u00e9stas deben estar en JPG, inseridas en el propio archivo del trabajo (DOC o DOCX); el formato JPG debe ser utilizado exclusivamente para las im\u00e1genes.<\/li>\n<li>Las notas explicativas deben venir en la p\u00e1gina en las cuales son insertadas (use el comando: nota de pi\u00e9 de p\u00e1gina\/ fin de p\u00e1gina).<\/li>\n<li>Las tablas deben seguir las normas de la ABNT.<\/li>\n<li>La estructura del texto, los cuadros, las figuras, las f\u00f3rmulas, la numeraci\u00f3n progresiva de las secciones, las citaciones y las referencias deben seguir las normas de la ABNT para art\u00edculos cient\u00edficos<\/li>\n<\/ul>\n<\/ul>\n<h2><\/h2>\n<h2><strong>Criterios de Aceptaci\u00f3n de trabajos:<\/strong><\/h2>\n<ol>\n<ol>\n<li>Pertinencia a la tem\u00e1tica del EDICIC 2016;<\/li>\n<li>Cobertura y pertinencia del contenido;<\/li>\n<li>Claridad y articulaci\u00f3n de los conceptos, ideas y procedimientos metodol\u00f3gicos;<\/li>\n<li>Actualizaci\u00f3n de los conceptos y de los resultados alcanzados;<\/li>\n<\/ol>\n<\/ol>\n<p>Estar en acuerdo con las Normas para Sumisi\u00f3n de Trabajos<\/p>\n","protected":false},"excerpt":{"rendered":"<p>Normas de sumisi\u00f3n EDICIC 2016 Encuentro de la Asociaci\u00f3n de Educadores e Investigadores de Biblioteconom\u00eda, Archivolog\u00eda, Ciencias de la Informaci\u00f3n y Documentaci\u00f3n de la Iberoam\u00e9rica y Caribe &#8211; EDICIC 21 a 23 de septiembre de 2016 Tema: \u201cPatrimonio, mediaciones sociales y tecnolog\u00edas: di\u00e1logos interdisciplinares\u201d Promoci\u00f3n: Asociaci\u00f3n de Educadores e Investigadores&hellip; <\/p>\n","protected":false},"author":3,"featured_media":189,"parent":0,"menu_order":20,"comment_status":"closed","ping_status":"closed","template":"","meta":{"footnotes":""},"class_list":["post-8","page","type-page","status-publish","has-post-thumbnail","hentry"],"translation":{"provider":"WPGlobus","version":"3.0.2","language":"es","enabled_languages":["br","es"],"languages":{"br":{"title":true,"content":true,"excerpt":false},"es":{"title":true,"content":true,"excerpt":false}}},"_links":{"self":[{"href":"https:\/\/edicic2016.eci.ufmg.br\/es\/wp-json\/wp\/v2\/pages\/8","targetHints":{"allow":["GET"]}}],"collection":[{"href":"https:\/\/edicic2016.eci.ufmg.br\/es\/wp-json\/wp\/v2\/pages"}],"about":[{"href":"https:\/\/edicic2016.eci.ufmg.br\/es\/wp-json\/wp\/v2\/types\/page"}],"author":[{"embeddable":true,"href":"https:\/\/edicic2016.eci.ufmg.br\/es\/wp-json\/wp\/v2\/users\/3"}],"replies":[{"embeddable":true,"href":"https:\/\/edicic2016.eci.ufmg.br\/es\/wp-json\/wp\/v2\/comments?post=8"}],"version-history":[{"count":62,"href":"https:\/\/edicic2016.eci.ufmg.br\/es\/wp-json\/wp\/v2\/pages\/8\/revisions"}],"predecessor-version":[{"id":1354,"href":"https:\/\/edicic2016.eci.ufmg.br\/es\/wp-json\/wp\/v2\/pages\/8\/revisions\/1354"}],"wp:featuredmedia":[{"embeddable":true,"href":"https:\/\/edicic2016.eci.ufmg.br\/es\/wp-json\/wp\/v2\/media\/189"}],"wp:attachment":[{"href":"https:\/\/edicic2016.eci.ufmg.br\/es\/wp-json\/wp\/v2\/media?parent=8"}],"curies":[{"name":"wp","href":"https:\/\/api.w.org\/{rel}","templated":true}]}}

<h2><strong>Normas de sumisión EDICIC 2016</strong></h2>
<p>Encuentro de la Asociación de Educadores e Investigadores de Biblioteconomía, Archivología, Ciencias de la Información y Documentación de la Iberoamérica y Caribe &#8211; EDICIC<br />
21 a 23 de septiembre de 2016<br />
Tema: “Patrimonio, mediaciones sociales y tecnologías: diálogos interdisciplinares”<br />
Promoción: Asociación de Educadores e Investigadores de Bibliotecología, Archivología, Ciencias de la Información Documentación de Iberoamérica y el Caribe<br />
Realización: Escuela de Ciencia de la Información de la Universidad Federal de Minas Gerais &#8211; ECI/UFMG</p>
<p>Lea las instrucciones abajo y haga clic <u>Aquí</u> para someter el trabajo.</p>
<h2><span style="color: #ff0000;">La fecha límite de presentación de trabajos cerrada.</span></h2>
<h2><strong>Sub-temas:</strong></h2>
<ul>
<li>Comunicación Científica y Estudios Bibliométricos</li>
<li>Docencia y los Nuevos Perfiles del Profesional de la Información</li>
<li>Epistemología de la Ciencia de la Información y de la Documentación</li>
<li>Gestión y Evaluación de Documentos Archivísticos</li>
<li>Industria Creativa y Cultural</li>
<li>Mediación Social y Cultura de la Información</li>
<li>Memoria, Patrimonio y Dinámicas Informacionales</li>
<li>Museología, Información y Documentación Museológica</li>
<li>Organización de la Información y del Conocimiento</li>
<li>Tecnologías de la información y Gestión del Conocimiento</li>
</ul>
<p><strong>Haga clic </strong><strong><u>AQUÍ</u></strong><strong> para detallar sub-temas.</strong></p>
<h2><strong>Fechas Importantes:</strong></h2>
<ul>
<li>Recepción de los trabajos completos: 23/05/2016</li>
<li>Comunicación a los autores de las evaluaciones: 03/06/2016</li>
<li>Envío del trabajo final con los ajustes solicitados: 20/06/2016</li>
<li></li>
</ul>
<h2><strong>Orientaciones sobre las normas de sumisión de trabajos:</strong></h2>
<ul>
<li>Los idiomas oficiales del evento son el Portugués y el Español, siendo admitidas excepciones, a criterio de la Comisión Organizadora;</li>
<li>Los trabajos completos aceptados por el Comité Evaluador serán presentados sobre la forma de Comunicación Oral y deberán estar, irrestrictamente, vinculados a uno de los 10 (diez) sub-temas arriba mencionados.</li>
<li>A vinculación a un sub-tema debe ser indicada en el encabezamiento de la hoja de rostro del texto sometido, como también en los metadatos, siendo de responsabilidad del autor y/o coautores del trabajo sometido.</li>
<li>El no cumplimiento de los requisitos arriba indicados implica en la desconsideración del trabajo;</li>
<li>La aceptación y la presentación del trabajo dará derecho a la publicación del mismo en los Anuales del EDICIC 2016;</li>
<li>Los trabajos deben ser sometidos en forma de texto completo, de acuerdo con las normas y patrones estipulados por la Comisión Científica del EDICIC 2016;</li>
<li>A cada participante le es permitida la sumisión de, como máximo, tres trabajos al evento. Están ahí consideradas las modalidades de autor individual y/o coautoría. En el caso de sumisión de más de tres trabajos serán excluidos los últimos de acuerdo con la fecha y hora de sumisión;</li>
<li>A sumisión de trabajos será hecha online, por medio del sitio web del evento;</li>
<li>Ninguna alteración podrá ser hecha después  de la sumisión del trabajo, salvo recomendaciones de los evaluadores;</li>
<li>La presentación del trabajo implica en la realización de inscripción en el evento por parte de todos los autores;</li>
<li>La no presentación del trabajo implica en el cancelamiento de la emisión de todos los certificados a él vinculados;</li>
<li>El certificado de trabajo aceptado, publicado y presentado será emitido para cada uno de los autores;</li>
<li>Los casos ignorados o no previstos en estas Reglas serán solucionados mediante apreciación por parte de la Comisión Científica del EDICIC.</li>
</ul>
<p><strong> </strong></p>
<h2><strong>Normas para presentación de los trabajos:</strong></h2>
<ul>
<li>Serán aceptados trabajos oriundos de investigaciones teóricas y/o empíricas finalizadas o en etapa de finalización.</li>
<li>Solamente un autor podrá efectuar la comunicación oral, admitidas excepciones a criterio del responsable por la mediación en el día de la presentación. El tiempo de exposición también quedará a cargo de los mediadores en cada día de presentación.</li>
<li>El sistema de sumisiones aplica la evaluación ciega por los pares. Por esta razón, el (los) nombre(s) del (de los) autor(es), la afiliación institucional, titulación y e-mails de cada autor no deben constar en el texto del trabajo, deben constar solamente en el campo de metadatos destinado para este fin, en el sistema.</li>
<li>El texto debe ser enviado en archivo en los formatos doc o docx, siguiendo los siguientes patrones de redacción:</li>
</ul>
<p>&nbsp;</p>
<h2><strong>Resumen y Abstract:</strong></h2>
<ul>
<ul>
<li>Deben ser digitados en fuente Times New Roman, tamaño 11, con espacio entre líneas del tipo simple.</li>
<li>Título (Times New Roman, tamaño 14, en negrito, mayúscula);</li>
<li>Autores: nombre completo, titulación, vinculación profesional y académica, e-mail (Fuente Times New Roman, tamaño 12);</li>
<li>Indicación del sub-grupo Temático en el cual la investigación se encuadra (Times New Roman, tamaño 12);</li>
<li>Texto: máximo: 500 palabras (Times New Roman, tamaño 12), no colocar notas y referencias.</li>
<li>Debe presentar: introducción, objeto de estudio, referencia teórica y metodológica y los resultados (si hay).</li>
<li>Texto en portugués, el resumen será en portugués e inglés;</li>
<li>Texto en español, el resumen será en español e inglés.</li>
<li>Palabras-clave: máximo 5 (Times New Roman, tamaño 11), en el idioma de envío y también en inglés.</li>
</ul>
</ul>
<h2></h2>
<h2><strong>Trabajo completo:</strong></h2>
<ul>
<ul>
<li>Dimensión máxima del texto: 20 páginas (incluyendo la primera página y las referencias);</li>
<li>Formatación: A4 (3cm margen superior e izquierda; 2cm margen inferior y derecha, sin espacios entre párrafos; con sangría de 1,25cm al inicio de cada párrafo.</li>
<li>La fuente debe ser Times New Roman, tamaño 12).</li>
<li>Entre línea 1,5cm;</li>
<li>Formato: Doc o Docx;</li>
<li>Si el trabajo contiene imágenes, éstas deben estar en JPG, inseridas en el propio archivo del trabajo (DOC o DOCX); el formato JPG debe ser utilizado exclusivamente para las imágenes.</li>
<li>Las notas explicativas deben venir en la página en las cuales son insertadas (use el comando: nota de pié de página/ fin de página).</li>
<li>Las tablas deben seguir las normas de la ABNT.</li>
<li>La estructura del texto, los cuadros, las figuras, las fórmulas, la numeración progresiva de las secciones, las citaciones y las referencias deben seguir las normas de la ABNT para artículos científicos</li>
</ul>
</ul>
<h2></h2>
<h2><strong>Criterios de Aceptación de trabajos:</strong></h2>
<ol>
<ol>
<li>Pertinencia a la temática del EDICIC 2016;</li>
<li>Cobertura y pertinencia del contenido;</li>
<li>Claridad y articulación de los conceptos, ideas y procedimientos metodológicos;</li>
<li>Actualización de los conceptos y de los resultados alcanzados;</li>
</ol>
</ol>
<p>Estar en acuerdo con las Normas para Sumisión de Trabajos</p>

<p>Normas de sumisión EDICIC 2016 Encuentro de la Asociación de Educadores e Investigadores de Biblioteconomía, Archivología, Ciencias de la Información y Documentación de la Iberoamérica y Caribe &#8211; EDICIC 21 a 23 de septiembre de 2016 Tema: “Patrimonio, mediaciones sociales y tecnologías: diálogos interdisciplinares” Promoción: Asociación de Educadores e Investigadores&hellip; </p>
