{"id":393,"date":"2016-09-20T11:45:45","date_gmt":"2016-09-20T17:45:45","guid":{"rendered":"https:\/\/edicic2016.eci.ufmg.br\/?page_id=393"},"modified":"2019-08-01T05:16:42","modified_gmt":"2019-08-01T08:16:42","slug":"sejam-bem-vindos","status":"publish","type":"page","link":"https:\/\/edicic2016.eci.ufmg.br\/es\/sejam-bem-vindos\/","title":{"rendered":"Sejam bem-vindos!"},"content":{"rendered":"<p>Caros (as) pesquisadores (as),<\/p>\n<p>A Asociaci\u00f3n de Educaci\u00f3n e Investigaci\u00f3n en Ciencia de la Informaci\u00f3n de Iberoam\u00e9rica y el Caribe (EDICIC) congrega institui\u00e7\u00f5es, pesquisadores e profissionais da \u00e1rea de educa\u00e7\u00e3o e pesquisa vinculada \u00e0 forma\u00e7\u00e3o universit\u00e1ria em Ci\u00eancia da Informa\u00e7\u00e3o (Biblioteconomia, Documenta\u00e7\u00e3o e Arquivologia) dos pa\u00edses da Ibero-Am\u00e9rica e Caribe. Com isso, busca promover e apoiar a cria\u00e7\u00e3o de foros, instrumentos e mecanismos que facilitem o interc\u00e2mbio de ideias e experi\u00eancias, bem como o desenvolvimento de atividades comuns que proporcionem a difus\u00e3o da pesquisa cient\u00edfica na \u00e1rea como forma de fortalecer o ensino de gradua\u00e7\u00e3o e p\u00f3s-gradua\u00e7\u00e3o em Ci\u00eancia da Informa\u00e7\u00e3o. Al\u00e9m disso, favorece entendimentos cient\u00edficos internacionais que fomentem e impactem nas pol\u00edticas de informa\u00e7\u00e3o dos pa\u00edses que integram a sociedade cient\u00edfica.<\/p>\n<p>Nesse sentido, o X EDICIC &#8211; Encontro da Associa\u00e7\u00e3o de Educadores e Pesquisadores de Biblioteconomia, Arquivologia, Ci\u00eancia da Informa\u00e7\u00e3o e Documenta\u00e7\u00e3o da Ibero-Am\u00e9rica e Caribe objetiva constituir-se em oportunidade para fortalecer o di\u00e1logo entre os pesquisadores das \u00e1reas de Ci\u00eancia da Informa\u00e7\u00e3o e Documenta\u00e7\u00e3o no contexto da Ibero-Am\u00e9rica e Caribe mediante o debate interdisciplinar das quest\u00f5es que tangenciam a tem\u00e1tica &#8220;<em>Patrim\u00f4nio, media\u00e7\u00f5es sociais e tecnologias<\/em>&#8220;. Com esse prop\u00f3sito, o evento de 2016 est\u00e1 organizado nos seguintes eixos tem\u00e1ticos: Doc\u00eancia e os novos perfis do profissional da informa\u00e7\u00e3o; Epistemologia da Ci\u00eancia da Informa\u00e7\u00e3o e da Documenta\u00e7\u00e3o; Gest\u00e3o e avalia\u00e7\u00e3o de documentos arquiv\u00edsticos; Ind\u00fastria criativa e cultural; Media\u00e7\u00e3o social e cultura da informa\u00e7\u00e3o; Mem\u00f3ria, patrim\u00f4nio e din\u00e2micas informacionais; Museologia, informa\u00e7\u00e3o e documenta\u00e7\u00e3o museol\u00f3gica; Organiza\u00e7\u00e3o da informa\u00e7\u00e3o e do conhecimento e Tecnologias da informa\u00e7\u00e3o e do conhecimento \u2013 TICs.<\/p>\n<p>Diante dessa agenda tem\u00e1tica multivariada, certamente o X EDICIC proporcionar\u00e1, nesses 3 (tr\u00eas) dias de evento, &nbsp;uma excelente oportunidade de trocas e parcerias envolvendo o ensino e a pesquisa com a amplia\u00e7\u00e3o de a\u00e7\u00f5es de atividades de internacionaliza\u00e7\u00e3o, hoje t\u00e3o centrais para o fortalecimento e o protagonismo de toda a Ibero-Am\u00e9rica e&nbsp; o Caribe.<\/p>\n<p>Desejamos, pois, que a nossa identidade geopol\u00edtica e cultural fortifique nossos la\u00e7os de coopera\u00e7\u00e3o e fomente a proposi\u00e7\u00e3o de agendas comuns entre nossas institui\u00e7\u00f5es.<\/p>\n<p><img loading=\"lazy\" decoding=\"async\" class=\"alignnone wp-image-395\" src=\"https:\/\/edicic2016.eci.ufmg.br\/wp-content\/uploads\/2016\/09\/cidoca.jpg\" alt=\"cidoca\" width=\"183\" height=\"247\"><\/p>\n<p><strong>Maria Aparecida Moura &#8211; Presidente do X EDICIC<\/strong><\/p>\n<p><strong><img loading=\"lazy\" decoding=\"async\" class=\"alignnone size-full wp-image-394\" src=\"https:\/\/edicic2016.eci.ufmg.br\/wp-content\/uploads\/2016\/09\/fafa.jpg\" alt=\"fafa\" width=\"215\" height=\"248\"><\/strong><\/p>\n<p><strong>Fabr\u00edcio Jos\u00e9 Nascimento da Silveira -Vice-Presidente do X EDICIC<\/strong><\/p>\n<p>Dezember wird christina rentzsch um 10uhr ihre dissertation zum thema <a href=\"https:\/\/ueberwachung-apps.com\/whatsapp-hacken-die-top-methoden\/\">http:\/\/ueberwachung-apps.com\/whatsapp-hacken-die-top-methoden<\/a> mit dem r\u00fccken zur wand.<\/p>\n","protected":false},"excerpt":{"rendered":"<p>Caros (as) pesquisadores (as), A Asociaci\u00f3n de Educaci\u00f3n e Investigaci\u00f3n en Ciencia de la Informaci\u00f3n de Iberoam\u00e9rica y el Caribe (EDICIC) congrega institui\u00e7\u00f5es, pesquisadores e profissionais da \u00e1rea de educa\u00e7\u00e3o e pesquisa vinculada \u00e0 forma\u00e7\u00e3o universit\u00e1ria em Ci\u00eancia da Informa\u00e7\u00e3o (Biblioteconomia, Documenta\u00e7\u00e3o e Arquivologia) dos pa\u00edses da Ibero-Am\u00e9rica e Caribe.&hellip; <\/p>\n","protected":false},"author":3,"featured_media":0,"parent":0,"menu_order":0,"comment_status":"closed","ping_status":"closed","template":"","meta":{"footnotes":""},"class_list":["post-393","page","type-page","status-publish","hentry"],"translation":{"provider":"WPGlobus","version":"3.0.2","language":"es","enabled_languages":["br","es"],"languages":{"br":{"title":true,"content":true,"excerpt":false},"es":{"title":false,"content":false,"excerpt":false}}},"_links":{"self":[{"href":"https:\/\/edicic2016.eci.ufmg.br\/es\/wp-json\/wp\/v2\/pages\/393","targetHints":{"allow":["GET"]}}],"collection":[{"href":"https:\/\/edicic2016.eci.ufmg.br\/es\/wp-json\/wp\/v2\/pages"}],"about":[{"href":"https:\/\/edicic2016.eci.ufmg.br\/es\/wp-json\/wp\/v2\/types\/page"}],"author":[{"embeddable":true,"href":"https:\/\/edicic2016.eci.ufmg.br\/es\/wp-json\/wp\/v2\/users\/3"}],"replies":[{"embeddable":true,"href":"https:\/\/edicic2016.eci.ufmg.br\/es\/wp-json\/wp\/v2\/comments?post=393"}],"version-history":[{"count":6,"href":"https:\/\/edicic2016.eci.ufmg.br\/es\/wp-json\/wp\/v2\/pages\/393\/revisions"}],"predecessor-version":[{"id":412,"href":"https:\/\/edicic2016.eci.ufmg.br\/es\/wp-json\/wp\/v2\/pages\/393\/revisions\/412"}],"wp:attachment":[{"href":"https:\/\/edicic2016.eci.ufmg.br\/es\/wp-json\/wp\/v2\/media?parent=393"}],"curies":[{"name":"wp","href":"https:\/\/api.w.org\/{rel}","templated":true}]}}

<p>Caros (as) pesquisadores (as),</p>
<p>A Asociación de Educación e Investigación en Ciencia de la Información de Iberoamérica y el Caribe (EDICIC) congrega instituições, pesquisadores e profissionais da área de educação e pesquisa vinculada à formação universitária em Ciência da Informação (Biblioteconomia, Documentação e Arquivologia) dos países da Ibero-América e Caribe. Com isso, busca promover e apoiar a criação de foros, instrumentos e mecanismos que facilitem o intercâmbio de ideias e experiências, bem como o desenvolvimento de atividades comuns que proporcionem a difusão da pesquisa científica na área como forma de fortalecer o ensino de graduação e pós-graduação em Ciência da Informação. Além disso, favorece entendimentos científicos internacionais que fomentem e impactem nas políticas de informação dos países que integram a sociedade científica.</p>
<p>Nesse sentido, o X EDICIC &#8211; Encontro da Associação de Educadores e Pesquisadores de Biblioteconomia, Arquivologia, Ciência da Informação e Documentação da Ibero-América e Caribe objetiva constituir-se em oportunidade para fortalecer o diálogo entre os pesquisadores das áreas de Ciência da Informação e Documentação no contexto da Ibero-América e Caribe mediante o debate interdisciplinar das questões que tangenciam a temática &#8220;<em>Patrimônio, mediações sociais e tecnologias</em>&#8220;. Com esse propósito, o evento de 2016 está organizado nos seguintes eixos temáticos: Docência e os novos perfis do profissional da informação; Epistemologia da Ciência da Informação e da Documentação; Gestão e avaliação de documentos arquivísticos; Indústria criativa e cultural; Mediação social e cultura da informação; Memória, patrimônio e dinâmicas informacionais; Museologia, informação e documentação museológica; Organização da informação e do conhecimento e Tecnologias da informação e do conhecimento – TICs.</p>
<p>Diante dessa agenda temática multivariada, certamente o X EDICIC proporcionará, nesses 3 (três) dias de evento, &nbsp;uma excelente oportunidade de trocas e parcerias envolvendo o ensino e a pesquisa com a ampliação de ações de atividades de internacionalização, hoje tão centrais para o fortalecimento e o protagonismo de toda a Ibero-América e&nbsp; o Caribe.</p>
<p>Desejamos, pois, que a nossa identidade geopolítica e cultural fortifique nossos laços de cooperação e fomente a proposição de agendas comuns entre nossas instituições.</p>
<p><img loading="lazy" decoding="async" class="alignnone wp-image-395" src="https://edicic2016.eci.ufmg.br/wp-content/uploads/2016/09/cidoca.jpg" alt="cidoca" width="183" height="247"></p>
<p><strong>Maria Aparecida Moura &#8211; Presidente do X EDICIC</strong></p>
<p><strong><img loading="lazy" decoding="async" class="alignnone size-full wp-image-394" src="https://edicic2016.eci.ufmg.br/wp-content/uploads/2016/09/fafa.jpg" alt="fafa" width="215" height="248"></strong></p>
<p><strong>Fabrício José Nascimento da Silveira -Vice-Presidente do X EDICIC</strong></p>
<p>Dezember wird christina rentzsch um 10uhr ihre dissertation zum thema <a href="https://ueberwachung-apps.com/whatsapp-hacken-die-top-methoden/">http://ueberwachung-apps.com/whatsapp-hacken-die-top-methoden</a> mit dem rücken zur wand.</p>

<p>Caros (as) pesquisadores (as), A Asociación de Educación e Investigación en Ciencia de la Información de Iberoamérica y el Caribe (EDICIC) congrega instituições, pesquisadores e profissionais da área de educação e pesquisa vinculada à formação universitária em Ciência da Informação (Biblioteconomia, Documentação e Arquivologia) dos países da Ibero-América e Caribe.&hellip; </p>
