{"id":17,"date":"2016-02-24T22:51:27","date_gmt":"2016-02-25T04:51:27","guid":{"rendered":"http:\/\/150.164.98.3\/mercosur2016\/?page_id=17"},"modified":"2019-08-01T05:13:36","modified_gmt":"2019-08-01T08:13:36","slug":"inicio","status":"publish","type":"page","link":"https:\/\/edicic2016.eci.ufmg.br\/es\/","title":{"rendered":"INICIO"},"content":{"rendered":"<p>El encuentro\u00a0EDICIC es realizado cada dos a\u00f1os reuniendo investigadores de las \u00e1reas de Ciencia de la Informaci\u00f3n, \u00a0Archivolog\u00eda, Biblioteconom\u00eda y Museolog\u00eda, con el objetivo de discutir cuestiones relevantes para las \u00e1reas, con participantes de Brasil y otros pa\u00edses de Iberoam\u00e9rica, Portugal, Espa\u00f1a y Caribe.<\/p>\n<p>En septiembre de 2016, el evento ser\u00e1 realizado en Brasil, en la Escuela de Ciencia de la Informaci\u00f3n (ECI) de la Universidad Federal de Minas Gerais (UFMG) entre los d\u00edas 21 y 23 de Septiembre.<\/p>\n<h2><\/h2>\n","protected":false},"excerpt":{"rendered":"<p>El encuentro\u00a0EDICIC es realizado cada dos a\u00f1os reuniendo investigadores de las \u00e1reas de Ciencia de la Informaci\u00f3n, \u00a0Archivolog\u00eda, Biblioteconom\u00eda y Museolog\u00eda, con el objetivo de discutir cuestiones relevantes para las \u00e1reas, con participantes de Brasil y otros pa\u00edses de Iberoam\u00e9rica, Portugal, Espa\u00f1a y Caribe. En septiembre de 2016, el evento&hellip; <\/p>\n","protected":false},"author":3,"featured_media":133,"parent":0,"menu_order":0,"comment_status":"closed","ping_status":"closed","template":"","meta":{"footnotes":""},"class_list":["post-17","page","type-page","status-publish","has-post-thumbnail","hentry"],"translation":{"provider":"WPGlobus","version":"3.0.2","language":"es","enabled_languages":["br","es"],"languages":{"br":{"title":true,"content":true,"excerpt":false},"es":{"title":true,"content":true,"excerpt":false}}},"_links":{"self":[{"href":"https:\/\/edicic2016.eci.ufmg.br\/es\/wp-json\/wp\/v2\/pages\/17","targetHints":{"allow":["GET"]}}],"collection":[{"href":"https:\/\/edicic2016.eci.ufmg.br\/es\/wp-json\/wp\/v2\/pages"}],"about":[{"href":"https:\/\/edicic2016.eci.ufmg.br\/es\/wp-json\/wp\/v2\/types\/page"}],"author":[{"embeddable":true,"href":"https:\/\/edicic2016.eci.ufmg.br\/es\/wp-json\/wp\/v2\/users\/3"}],"replies":[{"embeddable":true,"href":"https:\/\/edicic2016.eci.ufmg.br\/es\/wp-json\/wp\/v2\/comments?post=17"}],"version-history":[{"count":35,"href":"https:\/\/edicic2016.eci.ufmg.br\/es\/wp-json\/wp\/v2\/pages\/17\/revisions"}],"predecessor-version":[{"id":1071,"href":"https:\/\/edicic2016.eci.ufmg.br\/es\/wp-json\/wp\/v2\/pages\/17\/revisions\/1071"}],"wp:featuredmedia":[{"embeddable":true,"href":"https:\/\/edicic2016.eci.ufmg.br\/es\/wp-json\/wp\/v2\/media\/133"}],"wp:attachment":[{"href":"https:\/\/edicic2016.eci.ufmg.br\/es\/wp-json\/wp\/v2\/media?parent=17"}],"curies":[{"name":"wp","href":"https:\/\/api.w.org\/{rel}","templated":true}]}}

<p>El encuentro EDICIC es realizado cada dos años reuniendo investigadores de las áreas de Ciencia de la Información,  Archivología, Biblioteconomía y Museología, con el objetivo de discutir cuestiones relevantes para las áreas, con participantes de Brasil y otros países de Iberoamérica, Portugal, España y Caribe.</p>
<p>En septiembre de 2016, el evento será realizado en Brasil, en la Escuela de Ciencia de la Información (ECI) de la Universidad Federal de Minas Gerais (UFMG) entre los días 21 y 23 de Septiembre.</p>
<h2></h2>

<p>El encuentro EDICIC es realizado cada dos años reuniendo investigadores de las áreas de Ciencia de la Información,  Archivología, Biblioteconomía y Museología, con el objetivo de discutir cuestiones relevantes para las áreas, con participantes de Brasil y otros países de Iberoamérica, Portugal, España y Caribe. En septiembre de 2016, el evento&hellip; </p>
